{"id":27,"date":"2023-12-01T21:59:19","date_gmt":"2023-12-01T20:59:19","guid":{"rendered":"https:\/\/nt-project.be\/?page_id=27"},"modified":"2023-12-01T23:09:03","modified_gmt":"2023-12-01T22:09:03","slug":"devis","status":"publish","type":"page","link":"https:\/\/nt-project.be\/?page_id=27","title":{"rendered":"Devis"},"content":{"rendered":"\n<p><\/p>\n\n\n\n<p>Tout chantier n\u00e9cessite la r\u00e9alisation d&rsquo;un devis pr\u00e9cis, qui ne peut seulement \u00eatre effectu\u00e9 que via une visite sur place. Nous vous invitons toutefois \u00e0 compl\u00e9ter les informations du formulaire ci-dessous pour que nous puissions juger des travaux \u00e0 effectuer. Une fois votre demande re\u00e7ue, nous vous contacterons d\u00e8s que possible.<\/p>\n\n\n<style id=\"wpforms-css-vars-root\">\n\t\t\t\t:root {\n\t\t\t\t\t--wpforms-field-border-radius: 3px;\n--wpforms-field-background-color: #ffffff;\n--wpforms-field-border-color: rgba( 0, 0, 0, 0.25 );\n--wpforms-field-text-color: rgba( 0, 0, 0, 0.7 );\n--wpforms-label-color: rgba( 0, 0, 0, 0.85 );\n--wpforms-label-sublabel-color: rgba( 0, 0, 0, 0.55 );\n--wpforms-label-error-color: #d63637;\n--wpforms-button-border-radius: 3px;\n--wpforms-button-background-color: #066aab;\n--wpforms-button-text-color: #ffffff;\n--wpforms-field-size-input-height: 43px;\n--wpforms-field-size-input-spacing: 15px;\n--wpforms-field-size-font-size: 16px;\n--wpforms-field-size-line-height: 19px;\n--wpforms-field-size-padding-h: 14px;\n--wpforms-field-size-checkbox-size: 16px;\n--wpforms-field-size-sublabel-spacing: 5px;\n--wpforms-field-size-icon-size: 1;\n--wpforms-label-size-font-size: 16px;\n--wpforms-label-size-line-height: 19px;\n--wpforms-label-size-sublabel-font-size: 14px;\n--wpforms-label-size-sublabel-line-height: 17px;\n--wpforms-button-size-font-size: 17px;\n--wpforms-button-size-height: 41px;\n--wpforms-button-size-padding-h: 15px;\n--wpforms-button-size-margin-top: 10px;\n\n\t\t\t\t}\n\t\t\t<\/style><div class=\"wpforms-container wpforms-container-full wpforms-block wpforms-block-133a412b-dfa1-4723-a79c-bfb6a364a4f2 wpforms-render-modern\" id=\"wpforms-69\"><form id=\"wpforms-form-69\" class=\"wpforms-validate wpforms-form wpforms-ajax-form\" data-formid=\"69\" method=\"post\" enctype=\"multipart\/form-data\" action=\"\/index.php?rest_route=%2Fwp%2Fv2%2Fpages%2F27\" data-token=\"f6d33f5c476df3bb393892713830e460\"><noscript class=\"wpforms-error-noscript\">Veuillez activer JavaScript dans votre navigateur pour remplir ce formulaire.<\/noscript><div class=\"wpforms-hidden\" id=\"wpforms-error-noscript\">Veuillez activer JavaScript dans votre navigateur pour remplir ce formulaire.<\/div><div class=\"wpforms-field-container\"><div id=\"wpforms-69-field_0-container\" class=\"wpforms-field wpforms-field-name\" data-field-id=\"0\"><fieldset><legend class=\"wpforms-field-label\">Nom <span class=\"wpforms-required-label\" aria-hidden=\"true\">*<\/span><\/legend><div class=\"wpforms-field-row wpforms-field-medium\"><div class=\"wpforms-field-row-block wpforms-first wpforms-one-half\"><input type=\"text\" id=\"wpforms-69-field_0\" class=\"wpforms-field-name-first wpforms-field-required\" name=\"wpforms[fields][0][first]\" aria-errormessage=\"wpforms-69-field_0-error\" required><label for=\"wpforms-69-field_0\" class=\"wpforms-field-sublabel after \">Pr\u00e9nom<\/label><\/div><div class=\"wpforms-field-row-block wpforms-one-half\"><input type=\"text\" id=\"wpforms-69-field_0-last\" class=\"wpforms-field-name-last wpforms-field-required\" name=\"wpforms[fields][0][last]\" aria-errormessage=\"wpforms-69-field_0-last-error\" required><label for=\"wpforms-69-field_0-last\" class=\"wpforms-field-sublabel after \">Nom<\/label><\/div><\/div><\/fieldset><\/div><div id=\"wpforms-69-field_1-container\" class=\"wpforms-field wpforms-field-email\" data-field-id=\"1\"><label class=\"wpforms-field-label\" for=\"wpforms-69-field_1\">E-mail <span class=\"wpforms-required-label\" aria-hidden=\"true\">*<\/span><\/label><input type=\"email\" id=\"wpforms-69-field_1\" class=\"wpforms-field-medium wpforms-field-required\" name=\"wpforms[fields][1]\" spellcheck=\"false\" aria-errormessage=\"wpforms-69-field_1-error\" required><\/div><div id=\"wpforms-69-field_3-container\" class=\"wpforms-field wpforms-field-text\" data-field-id=\"3\"><label class=\"wpforms-field-label\" for=\"wpforms-69-field_3\">T\u00e9l\u00e9phone<\/label><input type=\"text\" id=\"wpforms-69-field_3\" class=\"wpforms-field-medium\" name=\"wpforms[fields][3]\" aria-errormessage=\"wpforms-69-field_3-error\" ><\/div><div id=\"wpforms-69-field_5-container\" class=\"wpforms-field wpforms-field-select wpforms-field-select-style-classic\" data-field-id=\"5\"><label class=\"wpforms-field-label\" for=\"wpforms-69-field_5\">Type de bien<\/label><select id=\"wpforms-69-field_5\" class=\"wpforms-field-medium\" name=\"wpforms[fields][5]\"><option value=\"Appartement\" >Appartement<\/option><option value=\"Maison\" >Maison<\/option><option value=\"Bureau\" >Bureau<\/option><option value=\"Autre\" >Autre<\/option><\/select><\/div><div id=\"wpforms-69-field_6-container\" class=\"wpforms-field wpforms-field-text\" data-field-id=\"6\"><label class=\"wpforms-field-label\" for=\"wpforms-69-field_6\">Surface \u00e0 r\u00e9nover<\/label><input type=\"text\" id=\"wpforms-69-field_6\" class=\"wpforms-field-medium\" name=\"wpforms[fields][6]\" aria-errormessage=\"wpforms-69-field_6-error\" aria-describedby=\"wpforms-69-field_6-description\" ><div id=\"wpforms-69-field_6-description\" class=\"wpforms-field-description\">m2<\/div><\/div><div id=\"wpforms-69-field_7-container\" class=\"wpforms-field wpforms-field-select wpforms-field-select-style-classic\" data-field-id=\"7\"><label class=\"wpforms-field-label\" for=\"wpforms-69-field_7\">Nombre de pi\u00e8ces <\/label><select id=\"wpforms-69-field_7\" class=\"wpforms-field-medium\" name=\"wpforms[fields][7]\"><option value=\"1\" >1<\/option><option value=\"2\" >2<\/option><option value=\"3\" >3<\/option><option value=\"4\" >4<\/option><option value=\"Plus\" >Plus<\/option><\/select><\/div><div id=\"wpforms-69-field_11-container\" class=\"wpforms-field wpforms-field-checkbox wpforms-list-2-columns\" data-field-id=\"11\"><fieldset><legend class=\"wpforms-field-label\">Types de travaux<\/legend><ul id=\"wpforms-69-field_11\"><li class=\"choice-1 depth-1\"><input type=\"checkbox\" id=\"wpforms-69-field_11_1\" name=\"wpforms[fields][11][]\" value=\"Peinture\" aria-errormessage=\"wpforms-69-field_11_1-error\"  ><label class=\"wpforms-field-label-inline\" for=\"wpforms-69-field_11_1\">Peinture<\/label><\/li><li class=\"choice-2 depth-1\"><input type=\"checkbox\" id=\"wpforms-69-field_11_2\" name=\"wpforms[fields][11][]\" value=\"Plafonnage\/cloison\" aria-errormessage=\"wpforms-69-field_11_2-error\"  ><label class=\"wpforms-field-label-inline\" for=\"wpforms-69-field_11_2\">Plafonnage\/cloison<\/label><\/li><li class=\"choice-3 depth-1\"><input type=\"checkbox\" id=\"wpforms-69-field_11_3\" name=\"wpforms[fields][11][]\" value=\"Sols\" aria-errormessage=\"wpforms-69-field_11_3-error\"  ><label class=\"wpforms-field-label-inline\" for=\"wpforms-69-field_11_3\">Sols<\/label><\/li><li class=\"choice-4 depth-1\"><input type=\"checkbox\" id=\"wpforms-69-field_11_4\" name=\"wpforms[fields][11][]\" value=\"Menuiserie\" aria-errormessage=\"wpforms-69-field_11_4-error\"  ><label class=\"wpforms-field-label-inline\" for=\"wpforms-69-field_11_4\">Menuiserie<\/label><\/li><li class=\"choice-5 depth-1\"><input type=\"checkbox\" id=\"wpforms-69-field_11_5\" name=\"wpforms[fields][11][]\" value=\"Autre\" aria-errormessage=\"wpforms-69-field_11_5-error\"  ><label class=\"wpforms-field-label-inline\" for=\"wpforms-69-field_11_5\">Autre<\/label><\/li><\/ul><\/fieldset><\/div><div id=\"wpforms-69-field_9-container\" class=\"wpforms-field wpforms-field-select wpforms-field-select-style-classic\" data-field-id=\"9\"><label class=\"wpforms-field-label\" for=\"wpforms-69-field_9\">Pi\u00e8ces meubl\u00e9es ?<\/label><select id=\"wpforms-69-field_9\" class=\"wpforms-field-medium\" name=\"wpforms[fields][9]\"><option value=\"Oui\" >Oui<\/option><option value=\"Non\" >Non<\/option><\/select><\/div><div id=\"wpforms-69-field_10-container\" class=\"wpforms-field wpforms-field-text\" data-field-id=\"10\"><label class=\"wpforms-field-label\" for=\"wpforms-69-field_10\">Ville<\/label><input type=\"text\" id=\"wpforms-69-field_10\" class=\"wpforms-field-medium\" name=\"wpforms[fields][10]\" aria-errormessage=\"wpforms-69-field_10-error\" ><\/div><div id=\"wpforms-69-field_2-container\" class=\"wpforms-field wpforms-field-textarea\" data-field-id=\"2\"><label class=\"wpforms-field-label\" for=\"wpforms-69-field_2\">Commentaire ou message<\/label><textarea id=\"wpforms-69-field_2\" class=\"wpforms-field-medium\" name=\"wpforms[fields][2]\" aria-errormessage=\"wpforms-69-field_2-error\" ><\/textarea><\/div><\/div><!-- .wpforms-field-container --><div class=\"wpforms-submit-container\" ><input type=\"hidden\" name=\"wpforms[id]\" value=\"69\"><input type=\"hidden\" name=\"wpforms[author]\" value=\"1\"><button type=\"submit\" name=\"wpforms[submit]\" id=\"wpforms-submit-69\" class=\"wpforms-submit\" data-alt-text=\"Envoi...\" data-submit-text=\"Envoyer\" aria-live=\"assertive\" value=\"wpforms-submit\">Envoyer<\/button><img loading=\"lazy\" decoding=\"async\" src=\"https:\/\/nt-project.be\/wp-content\/plugins\/wpforms-lite\/assets\/images\/submit-spin.svg\" class=\"wpforms-submit-spinner\" style=\"display: none;\" width=\"26\" height=\"26\" alt=\"Chargement en cours\"><\/div><\/form><\/div>  <!-- .wpforms-container -->","protected":false},"excerpt":{"rendered":"<p>Tout chantier n\u00e9cessite la r\u00e9alisation d&rsquo;un devis pr\u00e9cis, qui ne peut seulement \u00eatre effectu\u00e9 que via une visite sur place. Nous vous invitons toutefois \u00e0 compl\u00e9ter les informations du formulaire ci-dessous pour que nous puissions juger des travaux \u00e0 effectuer. Une fois votre demande re\u00e7ue, nous vous contacterons d\u00e8s que possible.<\/p>\n","protected":false},"author":1,"featured_media":0,"parent":0,"menu_order":0,"comment_status":"closed","ping_status":"closed","template":"","meta":{"footnotes":""},"class_list":["post-27","page","type-page","status-publish","hentry"],"_links":{"self":[{"href":"https:\/\/nt-project.be\/index.php?rest_route=\/wp\/v2\/pages\/27","targetHints":{"allow":["GET"]}}],"collection":[{"href":"https:\/\/nt-project.be\/index.php?rest_route=\/wp\/v2\/pages"}],"about":[{"href":"https:\/\/nt-project.be\/index.php?rest_route=\/wp\/v2\/types\/page"}],"author":[{"embeddable":true,"href":"https:\/\/nt-project.be\/index.php?rest_route=\/wp\/v2\/users\/1"}],"replies":[{"embeddable":true,"href":"https:\/\/nt-project.be\/index.php?rest_route=%2Fwp%2Fv2%2Fcomments&post=27"}],"version-history":[{"count":4,"href":"https:\/\/nt-project.be\/index.php?rest_route=\/wp\/v2\/pages\/27\/revisions"}],"predecessor-version":[{"id":79,"href":"https:\/\/nt-project.be\/index.php?rest_route=\/wp\/v2\/pages\/27\/revisions\/79"}],"wp:attachment":[{"href":"https:\/\/nt-project.be\/index.php?rest_route=%2Fwp%2Fv2%2Fmedia&parent=27"}],"curies":[{"name":"wp","href":"https:\/\/api.w.org\/{rel}","templated":true}]}}